01817?
8
What is the hundreds digit of 85284?
2
What is the ten thousands digit of 225105?
2
What is the units digit of 434422?
2
What is the hundred thousands digit of 581688?
5
What is the hundred thousands digit of 3150937?
1
What is the hundreds digit of 378353?
3
What is the hundreds digit of 458588?
5
What is the hundreds digit of 4891198?
1
What is the ten thousands digit of 8046001?
4
What is the ten thousands digit of 20534049?
3
What is the hundreds digit of 221610?
6
What is the thousands digit of 945460?
5
What is the hundred thousands digit of 1962993?
9
What is the tens digit of 4210?
1
What is the ten thousands digit of 2607886?
0
What is the tens digit of 1711793?
9
What is the units digit of 1694385?
5
What is the units digit of 3630294?
4
What is the units digit of 770520?
0
What is the tens digit of 1829182?
8
What is the units digit of 287045?
5
What is the millions digit of 11437111?
1
What is the ten thousands digit of 23970?
2
What is the ten millions digit of 19875565?
1
What is the hundred thousands digit of 661603?
6
What is the units digit of 23818?
8
What is the thousands digit of 8422320?
2
What is the millions digit of 8171360?
8
What is the ten thousands digit of 13946573?
4
What is the tens digit of 64593?
9
What is the millions digit of 2717809?
2
What is the thousands digit of 814185?
4
What is the ten thousands digit of 466006?
6
What is the units digit of 174603?
3
What is the hundreds digit of 378606?
6
What is the thousands digit of 391743?
1
What is the hundred thousands digit of 636630?
6
What is the ten millions digit of 22642864?
2
What is the hundreds digit of 1492758?
7
What is the millions digit of 3992745?
3
What is the tens digit of 17862?
6
What is the hundreds digit of 75102?
1
What is the hundreds digit of 822702?
7
What is the millions digit of 3246093?
3
What is the hundreds digit of 4245728?
7
What is the units digit of 1435738?
8
What is the ten thousands digit of 275039?
7
What is the thousands digit of 3073209?
3
What is the tens digit of 336790?
9
What is the tens digit of 1588239?
3
What is the hundred thousands digit of 1604483?
6
What is the tens digit of 8488882?
8
What is the hundreds digit of 6263222?
2
What is the thousands digit of 11414846?
4
What is the hundred thousands digit of 308360?
3
What is the tens digit of 6560513?
1
What is the thousands digit of 10098788?
8
What is the thousands digit of 1631354?
1
What is the tens digit of 3716551?
5
What is the thousands digit of 96300?
6
What is the units digit of 3392295?
5
What is the thousands digit of 8563014?
3
What is the hundreds digit of 5407412?
4
What is the hundreds digit of 63035?
0
What is the hundred thousands digit of 8306316?
3
What is the thousands digit of 541264?
1
What is the ten thousands digit of 1720892?
2
What is the ten thousands digit of 675288?
7
What is the units digit of 95613?
3
What is the units digit of 678545?
5
What is the tens digit of 616397?
9
What is the tens digit of 675764?
6
What is the hundreds digit of 13239?
2
What is the units digit of 8685936?
6
What is the units digit of 9897237?
7
What is the tens digit of 8638406?
0
What is the thousands digit of 40190616?
0
What is the thousands digit of 2119716?
9
What is the hundreds digit of 72829?
8
What is the hundreds digit of 237808?
8
What is the hundred thousands digit of 301639?
3
What is the hundreds digit of 196978?
9
What is the thousands digit of 291373?
1
What is the hundreds digit of 535172?
1
What is the ten thousands digit of 6267987?
6
What is the ten thousands digit of 164168?
6
What is the thousands digit of 453984?
3
What is the ten millions digit of 24605863?
2
What is the hundreds digit of 2305319?
3
What is the thousands digit of 90535?
0
What is the hundred thousands digit of 3251689?
2
What is the tens digit of 237745?
4
What is the hundreds digit of 127187?
1
What is the millions digit of 43897795?
3
What is the hundred thousands digit of 210469?
2
What is the millions digit of 3455272?
3
What is the hundred thousands digit of 482593?
4
What is the thousands digit of 337747?
7
What is the thousands digit of 18451?
8
What is the thousands digit of 602661?
2
What is the hundred thousands digit of 603460?
6
What is the thousands digit of 3255886?
5
What is the tens digit of 966142?
4
What is the millions digit of 2307537?
2
What is the hundred thousands digit of 4729177?
7
What is the hundreds digit of 17275374?
3
What is the ten thousands digit of 44797?
4
What is the thousands digit of 203698?
3
What is the ten thousands digit of 3843874?
4
What is the tens digit of 176720?
2
What is the ten thousands digit of 282587?
8
What is the hundreds digit of 1101472?
4
What is the ten thousands digit of 666729?
6
What is the millions digit of 4073664?
4
What is the hundreds digit of 1686075?
0
What is the tens digit of 64728?
2
What is the ten thousands digit of 228500?
2
What is the tens digit of 181144?
4
What is the ten thousands digit of 13370169?
7
What is the hundred thousands digit of 426846?
4
What is the hundreds digit of 2267686?
6
What is the thousands digit of 237016?
7
What is the ten thousands digit of 319561?
1
What is the ten thousands digit of 7447750?
4
What is the thousands digit of 530498?
0
What is the units digit of 2503607?
7
What is the units digit of 5380279?
9
What is the hundred thousands digit of 542954?
5
What is the units digit of 4256786?
6
What is the ten thousands digit of 215788?
1
What is the millions digit of 10517263?
0
What is the ten thousands digit of 566317?
6
What is the tens digit of 12969425?
2
What is the units digit of 32667100?
0
What is the ten thousands digit of 141435?
4
What is the ten thousands digit of 1042531?
4
What is the hundreds digit of 176963?
9
What is the hundreds digit of 3174012?
0
What is the hundreds digit of 3252?
2
What is the tens digit of 869690?
9
What is the units digit of 606938?
8
What is the thousands digit of 163283?
3
What is the units digit of 288741?
1
What is the units digit of 8870132?
2
What is the hundreds digit of 1116947?
9
What is the units digit of 299232?
2
What is the thousands digit of 714994?
4
What is the millions digit of 2682811?
2
What is the ten thousands digit of 7031123?
3
What is the tens digit of 576?
7
What is the units digit of 628550?
0
What is the hundred thousands digit of 455600?
4
What is the ten thousands digit of 14265122?
6
What is the thousands digit of 83156?
3
What is the millions digit of 2784173?
2
What is the thousands digit of 1678873?
8
What is the units digit of 991423?
3
What is the hundred thousands digit of 459021?
4
What is the units digit of 10166100?
0
What is the units digit of 4210196?
6
What is the units digit of 3751?
1
What is the tens digit of 333533?
3
What is the thousands digit of 6606294?
6
What is the hundred thousands digit of 144235?
1
What is the tens digit of 218179?
7
What is the millions digit of 8069236?
8
What is the units digit of 388?
8
What is the tens digit of 739527?
2
What is the hundred thousands digit of 290498?
2
What is the hundreds digit of 285947?
9
What is the hundred thousands digit of 5283545?
2
What is the thousands digit of 192367?
2
What is the ten thousands digit of 10592700?
9
What is the ten thousands digit of 692726?
9
What is the millions digit of 11038158?
1
What is the hundred thousands digit of 273289?
2
What is the units digit of 2412251?
1
What is the tens digit of 16236?
3
What is the hundreds digit of 1890019?
0
What is the units digit of 398243?
3
What is the hundred thousands digit of 514794?
5
What is the ten thousands digit of 434724?
3
What is the units digit of 12737765?
5
What is the hundred thousands digit of 1173246?
1
What is the units digit of 386481?
1
What is the tens digit of 281990?
9
What is the millions digit of 1804244?
1
What is the ten thousands digit of 237933?
3
What is the hundred thousands digit of 434535?
4
What is the hundreds digit of 1045795?
7
What is the hundreds digit of 92721?
7
What is the ten thousands digit of 1228981?
2
What is the units digit of 666554?
4
What is the tens digit of 85578?
7
What is the units digit of 94707?
7
What is the tens digit of 4207037?
3
What is the tens digit of 26246101?
0
What is the hundreds